z, 0 = -4*z - j + 5 + 3. What is the units digit of z?
1
Let l be (8 - 0)*(-10)/8. Let w = l + 7. What is the tens digit of ((-26)/(-6))/((-1)/w)?
1
Let k(q) be the first derivative of -q**3/3 - 3*q**2 - 3*q - 1. Let a be k(-5). What is the units digit of ((-9)/3 + a)/(-1)?
1
Let j = -27 - -19. Suppose -2*c + 0*c = 4. What is the units digit of -3*(c - j/6)?
2
Let x(y) = 3*y + y**2 - 7 + 7*y - 4*y. What is the units digit of x(4)?
3
Let l(p) = -p**3 + 4*p**2 + 7*p - 4. Let b be l(5). Let y = 0 + b. What is the units digit of y?
6
Let y(n) = -6*n**2 + 2*n**2 + n**3 + 5 - 2*n**3. Let x be y(-4). Suppose -p - x*k + 22 = 3*p, p = 2*k + 12. What is the units digit of p?
8
Suppose 4*t - 103 - 57 = 0. Let q be (-3)/6 + (-18)/(-4). Suppose -y = k, 5*y = q*k + y - t. What is the units digit of k?
5
Suppose -26 - 49 = -3*g. What is the tens digit of -2*2/(-5)*g?
2
Let n = -15 - -38. What is the tens digit of n?
2
Let t be 14/5 + (-2)/(-10). Suppose t*i - 6 = 3*s, 19 = 3*s - 4*i + 6*i. What is the units digit of s?
3
Let g(k) = 0 + 4*k**2 + 1 + 4*k - 5*k**2. Let l be g(3). Suppose 4 = l*f + 12, -5*t + 2*f = -94. What is the tens digit of t?
1
Let u(x) = x**3 + 4*x**2 - 5*x + 8. What is the units digit of u(-5)?
8
Let l be (1 + -11)*(-1)/1. What is the units digit of (-3)/(-15) - (-158)/l?
6
Suppose -2*d + 4 - 8 = 0. What is the tens digit of 23 - (-2 + 4 + d)?
2
Let y(w) be the first derivative of -w**4/4 + 2*w**3 + 2*w**2 + w - 7. What is the tens digit of y(6)?
2
Let i = 18 - 11. Let a = i - -4. What is the units digit of a?
1
Let a(j) = 4*j**2 - 4*j. Let i be a(-5). Suppose 0 = q - 4*n - 7, 5*q - i = 2*n + n. Let x = 43 - q. What is the units digit of x?
6
Suppose m + 3*z + 15 = 4*m, 0 = -5*z - 5. Suppose 119 = 3*k + 2*q, -m*k - q = -4 - 158. What is the tens digit of k?
4
Let r be 1 + (7 + 1 - 2). Suppose 5*k = r + 3. Suppose 0 = y - 0 + 4, 2*y = k*c - 18. What is the units digit of c?
5
Let x = 1 + -2. Let u(q) = q. Let g be u(x). Let z = g - -7. What is the units digit of z?
6
Let g be (-10)/(-3) + 1/(-3). Let r = 1 - g. Let t(p) = -2*p**3 - 3*p**2 - 3*p - 2. What is the units digit of t(r)?
8
Let d be 90/11 + (-2)/11. Suppose 0 = 3*n + 25 + d. Let h = 17 + n. What is the units digit of h?
6
Suppose -4*m = -131 + 3. Suppose m = -0*b + 2*b. What is the tens digit of b?
1
Let u(a) = a - 18. Let k be u(0). Let w = k + 32. What is the tens digit of w?
1
Let a(z) = -20*z + 28. What is the tens digit of a(-4)?
0
Let l(q) be the third derivative of q**5/60 + q**4/3 - 13*q**3/6 - 4*q**2. What is the units digit of l(-10)?
7
Let b(c) = 2*c**3 - 5*c**2 + 3*c + 1. Let k(w) = w**2 + 8*w - 6. Let x be k(-9). What is the units digit of b(x)?
9
Let a = 18 + -58. Let t = -12 - a. Suppose 0 = w + 3*w - t. What is the units digit of w?
7
Suppose 0 = 2*i - 4, 0 = 2*s + s + 3*i - 18. Suppose -f = -4*p - 33, -s - 38 = -2*f - 4*p. What is the units digit of f?
5
Let q(k) = k**2 + 6*k - 1. Let j = 2 - -3. Let v be 20/3*(-6)/j. What is the units digit of q(v)?
5
Let o be 27/6*2/3. Suppose 4*f + o = 7*f. What is the units digit of f?
1
Let q be (-38)/(-8) - (-7)/28. Suppose -i - 3*j = -20, -q*i + 2*j - 3*j = -44. What is the units digit of i?
8
Let c(p) = p**3 - 10*p**2 - p + 13. Let s be c(10). Suppose -49 = -s*h + 5. What is the units digit of h?
8
Let x be (5/10)/(2/(-8)). Suppose -132 = 2*y - 6*y. What is the units digit of x + (y/3 - 2)?
7
Let r(s) = 5*s**3 + 4*s**2 - s. Let q(c) = 9*c**3 + 7*c**2 - 2*c. Let t(i) = -6*q(i) + 11*r(i). What is the tens digit of t(2)?
1
Suppose -4*a = q - 1, 0 + 4 = -3*a + 4*q. Suppose a = 5*d - o - 16, 2*d - 10 = 7*o - 3*o. What is the units digit of d?
3
Suppose 4*v - 5*m = 11, -5*v - 5*m + 25 = -0*m. Suppose -j + v = j. What is the units digit of (-3)/6*-14 - j?
5
Suppose -3 = -i + 15. Suppose 2*w + 13 = z, -5*w + 3*w - i = -2*z. Suppose -z*q + 6 = -29. What is the units digit of q?
7
Let f(g) = -2*g - 3*g - g + 0*g - 16. What is the tens digit of f(-7)?
2
Let y(v) = v. Let w(q) = -10*q + 6. Let z(b) = -2*w(b) - 18*y(b). What is the units digit of z(9)?
6
Let x(q) be the second derivative of q**5/20 + q**4/4 - q**3/6 + q**2/2 - 2*q. Let z be x(-3). Let o(p) = p + 3. What is the units digit of o(z)?
7
Let m = 24 - 3. What is the units digit of m?
1
Let v = 8 - 5. Suppose 5*f = -3*t + 32, -v*f - 8 = -f - 4*t. Suppose -5*z + 2*z = 5*s - 53, f*s - 56 = z. What is the units digit of s?
3
Let y(c) = -c**3 + 3*c**2 - 2. Let f be y(2). Let o = 3 + f. What is the units digit of o?
5
Let d be 1/1 - (-35)/5. Suppose -3*n = d + 1. Let b = n + 8. What is the units digit of b?
5
Suppose 3*f = -5*r + 1 + 20, 3 = -f. What is the units digit of r?
6
Suppose -4*o + 3*o + 9 = 0. Let g = 21 - o. What is the tens digit of g?
1
Let a(r) = r**3 - 3*r**2 + 2*r + 2. Let t(g) = g**3 + 5*g**2 + 4*g - 3. Let d be t(-4). Let h = d - -6. What is the units digit of a(h)?
8
Let g(y) = -1 + 167*y**2 + 9*y**3 - 166*y**2 + 2*y**3. Let p(j) = j + 4. Let x be p(-3). What is the tens digit of g(x)?
1
Suppose -2*f - 130 = -3*g + 114, -3*f + 394 = 5*g. Suppose 5*m - 4*r + 90 = 0, 3*m - 2*r = -2*m - g. Let p = -1 - m. What is the units digit of p?
3
Suppose c - 80 = -4*c. Suppose -3*y + n + 43 = 0, 1 + c = y - 3*n. What is the tens digit of y?
1
Let r(o) = 6*o - 5 - 3 + 4 - o**2. Let n be r(5). What is the units digit of (n/3)/((-1)/(-3))?
1
Suppose 0 = -2*b + 1 + 3. What is the units digit of b?
2
What is the units digit of ((-24)/15 + 1)*-10?
6
Let z(k) = 7*k**2 + 7*k**2 + 2 - k**3 - 7*k**2 + 4*k + 5*k. What is the tens digit of z(8)?
1
Let l(q) = -3*q - 7. Let w be l(-3). Suppose w*m + 76 = 5*r, -r - m = -5*m - 26. What is the units digit of r?
4
Let i = 11 - 7. Let x be 3/(-9) - i/6. What is the units digit of x - -3 - -5*1?
7
Let f(z) = -2*z**3 - 4*z**2 - z + 1. Suppose 5*l - 2*a = -6*a - 7, 2*l - 5*a = -16. What is the tens digit of f(l)?
2
Let u be (-3)/(-9) + 2/3. Suppose 2*b - 2 + 4 = 4*z, -4*z - u = -5*b. What is the units digit of ((-1)/b)/((-2)/10)?
5
Let u be (-46)/6*(-1 + 4). Let b = -10 - u. What is the units digit of b?
3
Suppose 0 = -4*o - 5*x + 5, -3*o = 2*x + x. Let q be 2/o + (-8)/(-20). Suppose -2*h - 3*h + 60 = q. What is the tens digit of h?
1
Suppose 0*m + m = -3*x + 76, 5*m - 344 = 3*x. What is the units digit of m?
0
Suppose -3*k + 3 = -i, 0*i = -i + 5*k - 3. Let j = i + 0. Let h = 5 - j. What is the units digit of h?
8
Let j be (-3)/(0 + 3/4). Let q(b) = -b**3 - 3*b**2 + 2*b - 1. What is the units digit of q(j)?
7
Let p = 60 - 36. Let k = p + -14. What is the units digit of k?
0
Let i = 6 + -3. Suppose -41 = -4*f + i. What is the units digit of f?
1
Let b = 0 + 2. Suppose -239 = 4*f + 293. What is the units digit of (f/b)/(-7)*2?
9
Suppose q - 280 = 15. What is the hundreds digit of q?
2
What is the tens digit of 2008/9 + 5/(-45)?
2
Suppose -3*l = 9, 8*n + 2*l - 184 = 3*n. What is the units digit of n?
8
Suppose -3*t + 5*s = -11 - 18, 12 = -3*s. Let h(q) = -q + t*q + 2*q. What is the units digit of h(2)?
8
What is the hundreds digit of ((-418)/(-66))/((-2)/(-36))?
1
Let d be 1*15/9*3. Let r = d + -1. What is the units digit of r?
4
Let r = -304 - -489. What is the tens digit of r?
8
Let p = 240 - 136. What is the units digit of p?
4
Let l(t) = -4*t + t**2 - 2 - 1 + 1. What is the units digit of l(5)?
3
Let o = -3 - -68. What is the tens digit of o?
6
Suppose 0 = 5*f + 89 - 24. Let d = -29 - f. Let l = -8 - d. What is the units digit of l?
8
Let x(l) = -6*l - 3 + 12 - 12. Let j be x(5). Let u = -18 - j. What is the tens digit of u?
1
Suppose -144 = -4*v + 2*v. What is the tens digit of v?
7
Suppose -2*x = -2*v + 162, -2*x = -0*x - 4. What is the tens digit of v?
8
Suppose a + a - 6 = 0. Suppose -a*w + 24 = -0*w. What is the units digit of w?
8
Let g(y) = -y + 7. Let k be g(-10). Let p = 31 - k. What is the units digit of p?
4
Let k = 448 + -250. What is the tens digit of k?
9
Suppose l + 27 + 68 = 0. Let p = l + 134. What is the tens digit of p?
3
Let v(a) = -a**3 - 6*a**2 - 6*a - 5. Let f be v(-5). Suppose f*u + 48 = 3*u. Let l = -8 + u. What is the units digit of l?
8
Let c be 1 + -1 - -3*1. Suppose c*n + 2*n = 40. What is the units digit of n?
8
Let p = 43 + 4. What is the tens digit of p?
4
What is the tens digit of -4 + 1197/15 + (-2)/(-10